{"id":2299,"date":"2023-08-26T16:44:54","date_gmt":"2023-08-26T16:44:54","guid":{"rendered":"https:\/\/www.kregtools.is\/?post_type=product&#038;p=2299"},"modified":"2025-12-07T16:34:30","modified_gmt":"2025-12-07T16:34:30","slug":"precision-miter-gauge-system","status":"publish","type":"product","link":"https:\/\/www.kregtools.is\/index.php\/vara\/precision-miter-gauge-system\/","title":{"rendered":"Precision Miter Gauge System"},"content":{"rendered":"<ul>\n<li>Factory-calibrated; perfect right out of the box<\/li>\n<li>Positive stops at 0\u00b0, 10\u00b0, 22 1\/2\u00b0, 30\u00b0, and 45\u00b0 (degrees)<\/li>\n<li>Brass pin allows quick changes between positive stop angles<\/li>\n<li>24&#8243; (610mm) bar with 5 bar adjusters eliminates &#8222;play&#8220; between the bar and miter slot<\/li>\n<li>24&#8243; (610mm) Fence with Swing Stop and Self-Adhesive Measuring Tape<\/li>\n<\/ul>\n<p><b>One miter gauge with everything you need for accuracy<\/b><br \/>\nWhy spend your time calibrating a miter gauge when you can get amazing accuracy right out of the box? Our Precision Miter Gauge System requires no calibrating, and features positive stops at 0\u00b0, 10\u00b0, 22 1\/2\u00b0, 30\u00b0 and 45\u00b0 to make it easy to cut accurate miters quickly.<\/p>\n<p>Of course, when you do want to cut a more complicated angle, the easy-to-use Vernier scale allows for fast adjustments to 1\/10th of a degree. Plus, the Precision Miter Gauge System offers a long, anodized-aluminum fence and stop system that let you easily make accurate, repeatable cuts.<\/p>\n<p><b>Perfect Miters, Fast!<\/b><br \/>\nPrecision is the name of the game for this CNC-milled miter gauge. We worked to build accuracy into every feature of this product, from the rugged aluminum fence, to the solid yet versatile Swing Stop, to the easy-to-use yet amazingly accurate Vernier scale. With all of its great features, this miter gauge will give you better, more accurate cuts to ensure project success.<\/p>\n<p><b>Precision Lens Cursor<\/b><br \/>\nSimilar to the type of lens found on a quality table saw rip fence, the clear lens features a high-visibility red line that makes it easy to set the Swing Stop for precise cuts, time after time.<\/p>\n<p><b>No Play in the Miter Slot<\/b><br \/>\nOur extremely straight 24&#8243; (610mm) anodized-aluminum bar is 3\/8&#8243; (9.5mm) thick by 3\/4&#8243; (19mm) wide, and features five bar adjusters that you can use to eliminate &#8222;play&#8220; in the miter slot with the turn of a screw driver.<\/p>\n<p><b>Swing Stop<\/b><br \/>\nThe Swing Stop slides effortlessly along the fence of the Precision Miter Gauge and locks securely into place with the turn of a knob. It also features a curved foot that lets you easily swing the stop temporarily out of the way without having to remove it. That means you can quickly square one end of a board, flip it around, and then cut it to final length without ever moving the stop.<\/p>\n<p><b>Add a Versatile Fence<\/b><br \/>\nThe curved foot of the Swing Stop can be used as its &#8222;break-away&#8220; design allows you to add a versatile, heavy-duty fence to your Miter Gauge.<\/p>\n<p>&nbsp;<\/p>\n<div class=\"col-span-1\">\n<p><b class=\"capitalize\">Features<\/b><\/p>\n<div>\n<ul>\n<li>Factory calibrated<\/li>\n<li>Anodized aluminum head<\/li>\n<li>Comes with extention fence and stop<\/li>\n<\/ul>\n<\/div>\n<\/div>\n<div class=\"col-span-1\">\n<p><b class=\"capitalize\">Construction<\/b><\/p>\n<div>Anodized aluminum, steel, brass<\/div>\n<\/div>\n<div class=\"col-span-1\">\n<p><b class=\"capitalize\">Adjustability<\/b><\/p>\n<div>\n<ul>\n<li>1\/10 degree adjustment<\/li>\n<li>-50\u00b0 to +50\u00b0 range<\/li>\n<li>Stops at<\/li>\n<li>0\u00b0, 10\u00b0, 22 1\/2\u00b0, 30\u00b0 and 45\u00b0<\/li>\n<li>adjustable miter-gauge bar<\/li>\n<\/ul>\n<\/div>\n<\/div>\n<div class=\"col-span-1\">\n<p><b class=\"capitalize\">Compatibility<\/b><\/p>\n<div>Fits standard 3\/8&#8243; (9.5mm) x 3\/4&#8243; (19mm) miter slots<\/div>\n<\/div>\n<div class=\"col-span-1\">\n<p><b class=\"capitalize\">Includes<\/b><\/p>\n<div>\n<ul>\n<li>(1) Miter Gauge<\/li>\n<li>(1) 24&#8243; (610mm) Fence with scale<\/li>\n<li>(1)<\/li>\n<li>(1) Swing Stop with Precision Lens Cursor<\/li>\n<li>(1) Self-adhesive measuring tape<\/li>\n<li>Owner&#8217;s manual<\/li>\n<\/ul>\n<\/div>\n<\/div>\n","protected":false},"excerpt":{"rendered":"<p>\u00deessi vara er a\u00f0 jafna\u00f0i ekki til \u00e1 lager hj\u00e1 okkur en h\u00e6gt er a\u00f0 s\u00e9rpanta hana sem tekur ~10 virka a\u00f0 f\u00e1.<\/p>\n","protected":false},"featured_media":2300,"comment_status":"closed","ping_status":"closed","template":"","meta":{"_mi_skip_tracking":false,"_exactmetrics_sitenote_active":false,"_exactmetrics_sitenote_note":"","_exactmetrics_sitenote_category":0},"product_cat":[10,31],"product_tag":[],"giftcard-category":[],"yoast_head":"<!-- This site is optimized with the Yoast SEO plugin v21.5 - https:\/\/yoast.com\/wordpress\/plugins\/seo\/ -->\n<title>Precision Miter Gauge System - Kreg Tool<\/title>\n<meta name=\"robots\" content=\"index, follow, max-snippet:-1, max-image-preview:large, max-video-preview:-1\" \/>\n<link rel=\"canonical\" href=\"https:\/\/www.kregtools.is\/index.php\/vara\/precision-miter-gauge-system\/\" \/>\n<meta property=\"og:locale\" content=\"is_IS\" \/>\n<meta property=\"og:type\" content=\"article\" \/>\n<meta property=\"og:title\" content=\"Precision Miter Gauge System - Kreg Tool\" \/>\n<meta property=\"og:description\" content=\"\u00deessi vara er a\u00f0 jafna\u00f0i ekki til \u00e1 lager hj\u00e1 okkur en h\u00e6gt er a\u00f0 s\u00e9rpanta hana sem tekur ~10 virka a\u00f0 f\u00e1.\" \/>\n<meta property=\"og:url\" content=\"https:\/\/www.kregtools.is\/index.php\/vara\/precision-miter-gauge-system\/\" \/>\n<meta property=\"og:site_name\" content=\"Kreg Tool\" \/>\n<meta property=\"article:publisher\" content=\"http:\/\/facebook.com\/kregtoolisland\" \/>\n<meta property=\"article:modified_time\" content=\"2025-12-07T16:34:30+00:00\" \/>\n<meta property=\"og:image\" content=\"https:\/\/www.kregtools.is\/wp-content\/uploads\/2023\/08\/KMS7102-011.jpg\" \/>\n\t<meta property=\"og:image:width\" content=\"800\" \/>\n\t<meta property=\"og:image:height\" content=\"800\" \/>\n\t<meta property=\"og:image:type\" content=\"image\/jpeg\" \/>\n<meta name=\"twitter:card\" content=\"summary_large_image\" \/>\n<meta name=\"twitter:label1\" content=\"Est. reading time\" \/>\n\t<meta name=\"twitter:data1\" content=\"3 minutes\" \/>\n<script type=\"application\/ld+json\" class=\"yoast-schema-graph\">{\"@context\":\"https:\/\/schema.org\",\"@graph\":[{\"@type\":\"WebPage\",\"@id\":\"https:\/\/www.kregtools.is\/index.php\/vara\/precision-miter-gauge-system\/\",\"url\":\"https:\/\/www.kregtools.is\/index.php\/vara\/precision-miter-gauge-system\/\",\"name\":\"Precision Miter Gauge System - Kreg Tool\",\"isPartOf\":{\"@id\":\"https:\/\/www.kregtools.is\/#website\"},\"datePublished\":\"2023-08-26T16:44:54+00:00\",\"dateModified\":\"2025-12-07T16:34:30+00:00\",\"breadcrumb\":{\"@id\":\"https:\/\/www.kregtools.is\/index.php\/vara\/precision-miter-gauge-system\/#breadcrumb\"},\"inLanguage\":\"is\",\"potentialAction\":[{\"@type\":\"ReadAction\",\"target\":[\"https:\/\/www.kregtools.is\/index.php\/vara\/precision-miter-gauge-system\/\"]}]},{\"@type\":\"BreadcrumbList\",\"@id\":\"https:\/\/www.kregtools.is\/index.php\/vara\/precision-miter-gauge-system\/#breadcrumb\",\"itemListElement\":[{\"@type\":\"ListItem\",\"position\":1,\"name\":\"Home\",\"item\":\"https:\/\/www.kregtools.is\/\"},{\"@type\":\"ListItem\",\"position\":2,\"name\":\"Netverslun\",\"item\":\"https:\/\/www.kregtools.is\/index.php\/shop\/\"},{\"@type\":\"ListItem\",\"position\":3,\"name\":\"Precision Miter Gauge System\"}]},{\"@type\":\"WebSite\",\"@id\":\"https:\/\/www.kregtools.is\/#website\",\"url\":\"https:\/\/www.kregtools.is\/\",\"name\":\"Kreg Tool\",\"description\":\"t\u00f3lh\u00f6ld\",\"potentialAction\":[{\"@type\":\"SearchAction\",\"target\":{\"@type\":\"EntryPoint\",\"urlTemplate\":\"https:\/\/www.kregtools.is\/?s={search_term_string}\"},\"query-input\":\"required name=search_term_string\"}],\"inLanguage\":\"is\"}]}<\/script>\n<!-- \/ Yoast SEO plugin. -->","yoast_head_json":{"title":"Precision Miter Gauge System - Kreg Tool","robots":{"index":"index","follow":"follow","max-snippet":"max-snippet:-1","max-image-preview":"max-image-preview:large","max-video-preview":"max-video-preview:-1"},"canonical":"https:\/\/www.kregtools.is\/index.php\/vara\/precision-miter-gauge-system\/","og_locale":"is_IS","og_type":"article","og_title":"Precision Miter Gauge System - Kreg Tool","og_description":"\u00deessi vara er a\u00f0 jafna\u00f0i ekki til \u00e1 lager hj\u00e1 okkur en h\u00e6gt er a\u00f0 s\u00e9rpanta hana sem tekur ~10 virka a\u00f0 f\u00e1.","og_url":"https:\/\/www.kregtools.is\/index.php\/vara\/precision-miter-gauge-system\/","og_site_name":"Kreg Tool","article_publisher":"http:\/\/facebook.com\/kregtoolisland","article_modified_time":"2025-12-07T16:34:30+00:00","og_image":[{"width":800,"height":800,"url":"https:\/\/www.kregtools.is\/wp-content\/uploads\/2023\/08\/KMS7102-011.jpg","type":"image\/jpeg"}],"twitter_card":"summary_large_image","twitter_misc":{"Est. reading time":"3 minutes"},"schema":{"@context":"https:\/\/schema.org","@graph":[{"@type":"WebPage","@id":"https:\/\/www.kregtools.is\/index.php\/vara\/precision-miter-gauge-system\/","url":"https:\/\/www.kregtools.is\/index.php\/vara\/precision-miter-gauge-system\/","name":"Precision Miter Gauge System - Kreg Tool","isPartOf":{"@id":"https:\/\/www.kregtools.is\/#website"},"datePublished":"2023-08-26T16:44:54+00:00","dateModified":"2025-12-07T16:34:30+00:00","breadcrumb":{"@id":"https:\/\/www.kregtools.is\/index.php\/vara\/precision-miter-gauge-system\/#breadcrumb"},"inLanguage":"is","potentialAction":[{"@type":"ReadAction","target":["https:\/\/www.kregtools.is\/index.php\/vara\/precision-miter-gauge-system\/"]}]},{"@type":"BreadcrumbList","@id":"https:\/\/www.kregtools.is\/index.php\/vara\/precision-miter-gauge-system\/#breadcrumb","itemListElement":[{"@type":"ListItem","position":1,"name":"Home","item":"https:\/\/www.kregtools.is\/"},{"@type":"ListItem","position":2,"name":"Netverslun","item":"https:\/\/www.kregtools.is\/index.php\/shop\/"},{"@type":"ListItem","position":3,"name":"Precision Miter Gauge System"}]},{"@type":"WebSite","@id":"https:\/\/www.kregtools.is\/#website","url":"https:\/\/www.kregtools.is\/","name":"Kreg Tool","description":"t\u00f3lh\u00f6ld","potentialAction":[{"@type":"SearchAction","target":{"@type":"EntryPoint","urlTemplate":"https:\/\/www.kregtools.is\/?s={search_term_string}"},"query-input":"required name=search_term_string"}],"inLanguage":"is"}]}},"_links":{"self":[{"href":"https:\/\/www.kregtools.is\/index.php\/wp-json\/wp\/v2\/product\/2299"}],"collection":[{"href":"https:\/\/www.kregtools.is\/index.php\/wp-json\/wp\/v2\/product"}],"about":[{"href":"https:\/\/www.kregtools.is\/index.php\/wp-json\/wp\/v2\/types\/product"}],"replies":[{"embeddable":true,"href":"https:\/\/www.kregtools.is\/index.php\/wp-json\/wp\/v2\/comments?post=2299"}],"wp:featuredmedia":[{"embeddable":true,"href":"https:\/\/www.kregtools.is\/index.php\/wp-json\/wp\/v2\/media\/2300"}],"wp:attachment":[{"href":"https:\/\/www.kregtools.is\/index.php\/wp-json\/wp\/v2\/media?parent=2299"}],"wp:term":[{"taxonomy":"product_cat","embeddable":true,"href":"https:\/\/www.kregtools.is\/index.php\/wp-json\/wp\/v2\/product_cat?post=2299"},{"taxonomy":"product_tag","embeddable":true,"href":"https:\/\/www.kregtools.is\/index.php\/wp-json\/wp\/v2\/product_tag?post=2299"},{"taxonomy":"giftcard-category","embeddable":true,"href":"https:\/\/www.kregtools.is\/index.php\/wp-json\/wp\/v2\/giftcard-category?post=2299"}],"curies":[{"name":"wp","href":"https:\/\/api.w.org\/{rel}","templated":true}]}}